emainder when 146794 is divided by 313?
310
Calculate the remainder when 40177 is divided by 67.
44
What is the remainder when 19282 is divided by 101?
92
Calculate the remainder when 405 is divided by 334.
71
What is the remainder when 873789 is divided by 738?
735
Calculate the remainder when 14740 is divided by 447.
436
Calculate the remainder when 49567 is divided by 16511.
34
Calculate the remainder when 6028 is divided by 104.
100
Calculate the remainder when 1080 is divided by 732.
348
What is the remainder when 151438 is divided by 37858?
6
What is the remainder when 7622 is divided by 22?
10
What is the remainder when 3564 is divided by 2336?
1228
What is the remainder when 191421 is divided by 38269?
76
What is the remainder when 11881 is divided by 3945?
46
What is the remainder when 48500 is divided by 67?
59
Calculate the remainder when 74000 is divided by 3083.
8
What is the remainder when 50097 is divided by 54?
39
What is the remainder when 7837 is divided by 326?
13
Calculate the remainder when 2748 is divided by 38.
12
What is the remainder when 3305 is divided by 367?
2
What is the remainder when 482 is divided by 176?
130
What is the remainder when 24053 is divided by 248?
245
What is the remainder when 85764 is divided by 568?
564
Calculate the remainder when 129385 is divided by 28.
25
What is the remainder when 12548 is divided by 10?
8
What is the remainder when 848 is divided by 34?
32
What is the remainder when 89498 is divided by 23?
5
What is the remainder when 234 is divided by 25?
9
What is the remainder when 287 is divided by 282?
5
What is the remainder when 74423 is divided by 737?
723
What is the remainder when 2984 is divided by 74?
24
Calculate the remainder when 6793 is divided by 2215.
148
Calculate the remainder when 75093 is divided by 103.
6
Calculate the remainder when 2469 is divided by 37.
27
What is the remainder when 9070 is divided by 871?
360
Calculate the remainder when 183870 is divided by 3469.
13
What is the remainder when 624332 is divided by 12?
8
What is the remainder when 15041 is divided by 5012?
5
What is the remainder when 5641 is divided by 103?
79
Calculate the remainder when 337613 is divided by 2837.
10
What is the remainder when 64515 is divided by 79?
51
Calculate the remainder when 295478 is divided by 121.
117
What is the remainder when 6871 is divided by 256?
215
What is the remainder when 1601 is divided by 799?
3
What is the remainder when 29380 is divided by 28?
8
What is the remainder when 69342 is divided by 45?
42
What is the remainder when 23795 is divided by 641?
78
Calculate the remainder when 507 is divided by 159.
30
What is the remainder when 994 is divided by 58?
8
Calculate the remainder when 76417 is divided by 35.
12
Calculate the remainder when 5956038 is divided by 12.
6
Calculate the remainder when 182735 is divided by 54.
53
What is the remainder when 933 is divided by 83?
20
What is the remainder when 91968 is divided by 958?
0
What is the remainder when 72057 is divided by 32?
25
What is the remainder when 11111 is divided by 81?
14
What is the remainder when 42503 is divided by 14118?
149
Calculate the remainder when 34377 is divided by 11456.
9
Calculate the remainder when 198656 is divided by 210.
206
Calculate the remainder when 17005 is divided by 16996.
9
What is the remainder when 273817 is divided by 273?
271
Calculate the remainder when 7365 is divided by 247.
202
Calculate the remainder when 1011 is divided by 87.
54
What is the remainder when 2326 is divided by 330?
16
What is the remainder when 44950 is divided by 23?
8
What is the remainder when 148459 is divided by 4?
3
Calculate the remainder when 2180 is divided by 199.
190
Calculate the remainder when 530823 is divided by 201.
183
Calculate the remainder when 75949 is divided by 87.
85
Calculate the remainder when 7830 is divided by 7713.
117
Calculate the remainder when 15121 is divided by 412.
289
Calculate the remainder when 13143 is divided by 3235.
203
Calculate the remainder when 218425 is divided by 26.
25
What is the remainder when 5830 is divided by 51?
16
Calculate the remainder when 12124 is divided by 4034.
22
Calculate the remainder when 86507 is divided by 82.
79
Calculate the remainder when 39592 is divided by 12859.
1015
Calculate the remainder when 1017 is divided by 131.
100
Calculate the remainder when 25923 is divided by 355.
8
What is the remainder when 115289 is divided by 26?
5
What is the remainder when 184 is divided by 13?
2
What is the remainder when 30713 is divided by 39?
20
What is the remainder when 9200 is divided by 1538?
1510
Calculate the remainder when 146018 is divided by 140.
138
Calculate the remainder when 62699 is divided by 20894.
17
What is the remainder when 40175 is divided by 17?
4
Calculate the remainder when 37935 is divided by 311.
304
Calculate the remainder when 56800 is divided by 18928.
16
What is the remainder when 3194 is divided by 89?
79
Calculate the remainder when 2431376 is divided by 27.
26
What is the remainder when 46946 is divided by 15544?
314
Calculate the remainder when 8922 is divided by 23.
21
What is the remainder when 21957 is divided by 5?
2
What is the remainder when 14602 is divided by 411?
217
Calculate the remainder when 2004 is divided by 1138.
866
What is the remainder when 125974 is divided by 362?
360
Calculate the remainder when 8724 is divided by 484.
12
Calculate the remainder when 24980 is divided by 8.
4
What is the remainder when 17900 is divided by 405?
80
Calculate the remainder when 3139 is divided by 421.
192
Calculate the remainder when 8147 is divided by 4043.
61
What is the remainder when 2083 is divided by 616?
235
What is the remainder when 75364 is divided by 25120?
4
Calculate the remainder when 941832 is divided by 237.
231
Calculate the remainder when 954308 is divided by 902.
894
What is the remainder when 4328096 is divided by 70?
66
Calculate the remainder when 909898 is divided by 64.
10
What is the remainder when 776199 is divided by 59?
54
Calculate the remainder when 12442 is divided by 6206.
30
Calculate the remainder when 199 is divided by 102.
97
Calculate the remainder when 278 is divided by 226.
52
Calculate the remainder when 2006 is divided by 402.
398
What is the remainder when 57522 is divided by 69?
45
Calculate the remainder when 24448 is divided by 870.
88
Calculate the remainder when 35506 is divided by 132.
130
Calculate the remainder when 2074 is divided by 19.
3
Calculate the remainder when 1561 is divided by 13.
1
What is the remainder when 25702 is divided by 276?
34
What is the remainder when 54203 is divided by 101?
67
What is the remainder when 1681 is divided by 62?
7
What is the remainder when 23142 is divided by 11567?
8
What is the remainder when 137 is divided by 61?
15
What is the remainder when 12583 is divided by 3125?
83
What is the remainder when 30153 is divided by 5991?
198
Calculate the remainder when 65912 is divided by 4706.
28
Calculate the remainder when 3518 is divided by 596.
538
Calculate the remainder when 105815 is divided by 105750.
65
Calculate the remainder when 375 is divided by 178.
19
What is the remainder when 92201 is divided by 363?
362
Calculate the remainder when 3976 is divided by 329.
28
Calculate the remainder when 32239 is divided by 40.
39
What is the remainder when 160 is divided by 74?
12
Calculate the remainder when 11213 is divided by 16.
13
What is the remainder when 24654 is divided by 308?
14
What is the remainder when 132454 is divided by 643?
639
Calculate the remainder when 12066 is divided by 337.
271
What is the remainder when 11648 is divided by 1?
0
What is the remainder when 2336 is divided by 1164?
8
What is the remainder when 4412 is divided by 68?
60
What is the remainder when 2508103 is divided by 271?
269
Calculate the remainder when 2488169 is divided by 10.
9
Calculate the remainder when 130733 is divided by 187.
20
What is the remainder when 1926 is divided by 115?
86
What is the remainder when 6890 is divided by 378?
86
What is the remainder when 54652 is divided by 117?
13
Calculate the remainder when 28715 is divided by 9555.
50
Calculate the remainder when 3645 is divided by 187.
92
What is the 